{"id":3887,"date":"2025-05-23T11:48:50","date_gmt":"2025-05-23T09:48:50","guid":{"rendered":"https:\/\/numpex.org\/event\/compas-2025-conference-francophone-sur-linformatique-en-parallelisme-architecture-et-systemes\/"},"modified":"2025-05-23T11:48:50","modified_gmt":"2025-05-23T09:48:50","slug":"compas-2025-conference-francophone-sur-linformatique-en-parallelisme-architecture-et-systemes","status":"publish","type":"npx_event","link":"https:\/\/numpex.org\/fr\/event\/compas-2025-conference-francophone-sur-linformatique-en-parallelisme-architecture-et-systemes\/","title":{"rendered":"COMPAS 2025 &#8211; Conf\u00e9rence francophone sur l&rsquo;informatique en parall\u00e9lisme, architecture et syst\u00e8mes"},"content":{"rendered":"<p>Depuis de nombreuses ann\u00e9es, <strong>Compas<\/strong> offre \u00e0 la communaut\u00e9 francophone ou travaillant en France sur ces th\u00e9matiques la possibilit\u00e9 d\u2019\u00e9changer autour d\u2019un programme riche et vari\u00e9. Compas a pour objectif premier de <strong>favoriser les rencontres entre chercheurs confirm\u00e9s, jeunes chercheurs et industriels<\/strong>. Compas permet de <strong>renforcer les liens<\/strong> entre les \u00e9quipes de recherche du monde francophone et favorise<strong>l\u2019\u00e9mergence de nouveaux th\u00e8mes<\/strong> de recherche et de collaborations, en mettant l\u2019accent sur<strong>l\u2019int\u00e9gration des jeunes chercheurs<\/strong>.  <\/p>\n<p>L&rsquo;\u00e9dition <strong>2025<\/strong> de <strong>Compas<\/strong> se tiendra du <strong>mardi 24 au vendredi 27 juin<\/strong> 2025 \u00e0 <strong>Bordeaux<\/strong> (<a href=\"https:\/\/2025.compas-conference.fr\/venue\">Campus Bastide de l&rsquo;Universit\u00e9 de Bordeaux<\/a>).<\/p>\n<p>La journ\u00e9e du <strong>mardi 24 juin<\/strong> sera consacr\u00e9e aux <a href=\"https:\/\/2025.compas-conference.fr\/workshops\">ateliers<\/a> et aux <a href=\"https:\/\/2025.compas-conference.fr\/tutoriaux\">tutoriels<\/a>.<\/p>\n<p>Les <a href=\"https:\/\/2025.compas-conference.fr\/programme\">pr\u00e9sentations scientifiques<\/a> se d\u00e9rouleront sur deux jours et demi, <strong>du mercredi 25 juin au vendredi 27 juin \u00e0 midi<\/strong>.<\/p>\n<p>La <strong>session d&rsquo;affiches<\/strong> aura lieu <strong>jeudi soir<\/strong>.<\/p>\n<h3 id=\"dates-importantes\">Dates importantes<\/h3>\n<ul>\n<li>Date limite de soumission des<a href=\"https:\/\/hal.science\/COMPAS2025\/\"><strong>articles<\/strong><\/a> et de <strong>r\u00e9sum\u00e9s<\/strong>: vendredi 14 mars 2025<\/li>\n<li>Date limite de soumission<a href=\"https:\/\/2025.compas-conference.fr\/workshops\/\">des ateliers<\/a> et des <a href=\"https:\/\/2025.compas-conference.fr\/tutoriaux\/\">tutoriels<\/a>: vendredi 14 mars 2025<\/li>\n<li>Annonce : vendredi 18 avril 2025<\/li>\n<li>Ouverture des inscriptions : <strong>vendredi 25 avril 2025<\/strong><\/li>\n<li>Date limite d&rsquo;inscription : <strong>vendredi 23 mai 2025<\/strong> (inscription possible <em>\u00e0 un tarif major\u00e9<\/em> jusqu&rsquo;au vendredi 6 juin inclus)<\/li>\n<\/ul>\n","protected":false},"featured_media":0,"template":"","npx_event_type":[126],"npx_event_project":[125],"class_list":["post-3887","npx_event","type-npx_event","status-publish","hentry","npx_event_type-conference","npx_event_project-exa-soft"],"yoast_head":"<!-- This site is optimized with the Yoast SEO plugin v28.3 - https:\/\/yoast.com\/product\/yoast-seo-wordpress\/ -->\n<title>COMPAS 2025 - Conf\u00e9rence francophone sur l&#039;informatique en parall\u00e9lisme, architecture et syst\u00e8mes - NumPEx<\/title>\n<meta name=\"robots\" content=\"index, follow, max-snippet:-1, max-image-preview:large, max-video-preview:-1\" \/>\n<link rel=\"canonical\" href=\"https:\/\/numpex.org\/fr\/event\/compas-2025-conference-francophone-sur-linformatique-en-parallelisme-architecture-et-systemes\/\" \/>\n<meta property=\"og:locale\" content=\"fr_FR\" \/>\n<meta property=\"og:type\" content=\"article\" \/>\n<meta property=\"og:title\" content=\"COMPAS 2025 - Conf\u00e9rence francophone sur l&#039;informatique en parall\u00e9lisme, architecture et syst\u00e8mes - NumPEx\" \/>\n<meta property=\"og:description\" content=\"Depuis de nombreuses ann\u00e9es, Compas offre \u00e0 la communaut\u00e9 francophone ou travaillant en France sur ces th\u00e9matiques la possibilit\u00e9 d\u2019\u00e9changer [&hellip;]\" \/>\n<meta property=\"og:url\" content=\"https:\/\/numpex.org\/fr\/event\/compas-2025-conference-francophone-sur-linformatique-en-parallelisme-architecture-et-systemes\/\" \/>\n<meta property=\"og:site_name\" content=\"NumPEx\" \/>\n<meta name=\"twitter:card\" content=\"summary_large_image\" \/>\n<meta name=\"twitter:label1\" content=\"Dur\u00e9e de lecture estim\u00e9e\" \/>\n\t<meta name=\"twitter:data1\" content=\"1 minute\" \/>\n<script type=\"application\/ld+json\" class=\"yoast-schema-graph\">{\"@context\":\"https:\\\/\\\/schema.org\",\"@graph\":[{\"@type\":\"WebPage\",\"@id\":\"https:\\\/\\\/numpex.org\\\/fr\\\/event\\\/compas-2025-conference-francophone-sur-linformatique-en-parallelisme-architecture-et-systemes\\\/\",\"url\":\"https:\\\/\\\/numpex.org\\\/fr\\\/event\\\/compas-2025-conference-francophone-sur-linformatique-en-parallelisme-architecture-et-systemes\\\/\",\"name\":\"COMPAS 2025 - Conf\u00e9rence francophone sur l'informatique en parall\u00e9lisme, architecture et syst\u00e8mes - NumPEx\",\"isPartOf\":{\"@id\":\"https:\\\/\\\/numpex.org\\\/fr\\\/#website\"},\"datePublished\":\"2025-05-23T09:48:50+00:00\",\"breadcrumb\":{\"@id\":\"https:\\\/\\\/numpex.org\\\/fr\\\/event\\\/compas-2025-conference-francophone-sur-linformatique-en-parallelisme-architecture-et-systemes\\\/#breadcrumb\"},\"inLanguage\":\"fr-FR\",\"potentialAction\":[{\"@type\":\"ReadAction\",\"target\":[\"https:\\\/\\\/numpex.org\\\/fr\\\/event\\\/compas-2025-conference-francophone-sur-linformatique-en-parallelisme-architecture-et-systemes\\\/\"]}]},{\"@type\":\"BreadcrumbList\",\"@id\":\"https:\\\/\\\/numpex.org\\\/fr\\\/event\\\/compas-2025-conference-francophone-sur-linformatique-en-parallelisme-architecture-et-systemes\\\/#breadcrumb\",\"itemListElement\":[{\"@type\":\"ListItem\",\"position\":1,\"name\":\"Home\",\"item\":\"https:\\\/\\\/numpex.org\\\/fr\\\/\"},{\"@type\":\"ListItem\",\"position\":2,\"name\":\"COMPAS 2025 &#8211; Conf\u00e9rence francophone sur l&#8217;informatique en parall\u00e9lisme, architecture et syst\u00e8mes\"}]},{\"@type\":\"WebSite\",\"@id\":\"https:\\\/\\\/numpex.org\\\/fr\\\/#website\",\"url\":\"https:\\\/\\\/numpex.org\\\/fr\\\/\",\"name\":\"NumPEx\",\"description\":\"Digital for Exascale\",\"potentialAction\":[{\"@type\":\"SearchAction\",\"target\":{\"@type\":\"EntryPoint\",\"urlTemplate\":\"https:\\\/\\\/numpex.org\\\/fr\\\/?s={search_term_string}\"},\"query-input\":{\"@type\":\"PropertyValueSpecification\",\"valueRequired\":true,\"valueName\":\"search_term_string\"}}],\"inLanguage\":\"fr-FR\"}]}<\/script>\n<!-- \/ Yoast SEO plugin. -->","yoast_head_json":{"title":"COMPAS 2025 - Conf\u00e9rence francophone sur l'informatique en parall\u00e9lisme, architecture et syst\u00e8mes - NumPEx","robots":{"index":"index","follow":"follow","max-snippet":"max-snippet:-1","max-image-preview":"max-image-preview:large","max-video-preview":"max-video-preview:-1"},"canonical":"https:\/\/numpex.org\/fr\/event\/compas-2025-conference-francophone-sur-linformatique-en-parallelisme-architecture-et-systemes\/","og_locale":"fr_FR","og_type":"article","og_title":"COMPAS 2025 - Conf\u00e9rence francophone sur l'informatique en parall\u00e9lisme, architecture et syst\u00e8mes - NumPEx","og_description":"Depuis de nombreuses ann\u00e9es, Compas offre \u00e0 la communaut\u00e9 francophone ou travaillant en France sur ces th\u00e9matiques la possibilit\u00e9 d\u2019\u00e9changer [&hellip;]","og_url":"https:\/\/numpex.org\/fr\/event\/compas-2025-conference-francophone-sur-linformatique-en-parallelisme-architecture-et-systemes\/","og_site_name":"NumPEx","twitter_card":"summary_large_image","twitter_misc":{"Dur\u00e9e de lecture estim\u00e9e":"1 minute"},"schema":{"@context":"https:\/\/schema.org","@graph":[{"@type":"WebPage","@id":"https:\/\/numpex.org\/fr\/event\/compas-2025-conference-francophone-sur-linformatique-en-parallelisme-architecture-et-systemes\/","url":"https:\/\/numpex.org\/fr\/event\/compas-2025-conference-francophone-sur-linformatique-en-parallelisme-architecture-et-systemes\/","name":"COMPAS 2025 - Conf\u00e9rence francophone sur l'informatique en parall\u00e9lisme, architecture et syst\u00e8mes - NumPEx","isPartOf":{"@id":"https:\/\/numpex.org\/fr\/#website"},"datePublished":"2025-05-23T09:48:50+00:00","breadcrumb":{"@id":"https:\/\/numpex.org\/fr\/event\/compas-2025-conference-francophone-sur-linformatique-en-parallelisme-architecture-et-systemes\/#breadcrumb"},"inLanguage":"fr-FR","potentialAction":[{"@type":"ReadAction","target":["https:\/\/numpex.org\/fr\/event\/compas-2025-conference-francophone-sur-linformatique-en-parallelisme-architecture-et-systemes\/"]}]},{"@type":"BreadcrumbList","@id":"https:\/\/numpex.org\/fr\/event\/compas-2025-conference-francophone-sur-linformatique-en-parallelisme-architecture-et-systemes\/#breadcrumb","itemListElement":[{"@type":"ListItem","position":1,"name":"Home","item":"https:\/\/numpex.org\/fr\/"},{"@type":"ListItem","position":2,"name":"COMPAS 2025 &#8211; Conf\u00e9rence francophone sur l&#8217;informatique en parall\u00e9lisme, architecture et syst\u00e8mes"}]},{"@type":"WebSite","@id":"https:\/\/numpex.org\/fr\/#website","url":"https:\/\/numpex.org\/fr\/","name":"NumPEx","description":"Digital for Exascale","potentialAction":[{"@type":"SearchAction","target":{"@type":"EntryPoint","urlTemplate":"https:\/\/numpex.org\/fr\/?s={search_term_string}"},"query-input":{"@type":"PropertyValueSpecification","valueRequired":true,"valueName":"search_term_string"}}],"inLanguage":"fr-FR"}]}},"acf":[],"_links":{"self":[{"href":"https:\/\/numpex.org\/fr\/wp-json\/wp\/v2\/npx_event\/3887","targetHints":{"allow":["GET"]}}],"collection":[{"href":"https:\/\/numpex.org\/fr\/wp-json\/wp\/v2\/npx_event"}],"about":[{"href":"https:\/\/numpex.org\/fr\/wp-json\/wp\/v2\/types\/npx_event"}],"wp:attachment":[{"href":"https:\/\/numpex.org\/fr\/wp-json\/wp\/v2\/media?parent=3887"}],"wp:term":[{"taxonomy":"npx_event_type","embeddable":true,"href":"https:\/\/numpex.org\/fr\/wp-json\/wp\/v2\/npx_event_type?post=3887"},{"taxonomy":"npx_event_project","embeddable":true,"href":"https:\/\/numpex.org\/fr\/wp-json\/wp\/v2\/npx_event_project?post=3887"}],"curies":[{"name":"wp","href":"https:\/\/api.w.org\/{rel}","templated":true}]}}

COMPAS 2025 &#8211; Conférence francophone sur l&rsquo;informatique en parallélisme, architecture et systèmes

<p>Depuis de nombreuses années, <strong>Compas</strong> offre à la communauté francophone ou travaillant en France sur ces thématiques la possibilité d’échanger autour d’un programme riche et varié. Compas a pour objectif premier de <strong>favoriser les rencontres entre chercheurs confirmés, jeunes chercheurs et industriels</strong>. Compas permet de <strong>renforcer les liens</strong> entre les équipes de recherche du monde francophone et favorise<strong>l’émergence de nouveaux thèmes</strong> de recherche et de collaborations, en mettant l’accent sur<strong>l’intégration des jeunes chercheurs</strong>.  </p>
<p>L&rsquo;édition <strong>2025</strong> de <strong>Compas</strong> se tiendra du <strong>mardi 24 au vendredi 27 juin</strong> 2025 à <strong>Bordeaux</strong> (<a href="https://2025.compas-conference.fr/venue">Campus Bastide de l&rsquo;Université de Bordeaux</a>).</p>
<p>La journée du <strong>mardi 24 juin</strong> sera consacrée aux <a href="https://2025.compas-conference.fr/workshops">ateliers</a> et aux <a href="https://2025.compas-conference.fr/tutoriaux">tutoriels</a>.</p>
<p>Les <a href="https://2025.compas-conference.fr/programme">présentations scientifiques</a> se dérouleront sur deux jours et demi, <strong>du mercredi 25 juin au vendredi 27 juin à midi</strong>.</p>
<p>La <strong>session d&rsquo;affiches</strong> aura lieu <strong>jeudi soir</strong>.</p>
<h3 id="dates-importantes">Dates importantes</h3>
<ul>
<li>Date limite de soumission des<a href="https://hal.science/COMPAS2025/"><strong>articles</strong></a> et de <strong>résumés</strong>: vendredi 14 mars 2025</li>
<li>Date limite de soumission<a href="https://2025.compas-conference.fr/workshops/">des ateliers</a> et des <a href="https://2025.compas-conference.fr/tutoriaux/">tutoriels</a>: vendredi 14 mars 2025</li>
<li>Annonce : vendredi 18 avril 2025</li>
<li>Ouverture des inscriptions : <strong>vendredi 25 avril 2025</strong></li>
<li>Date limite d&rsquo;inscription : <strong>vendredi 23 mai 2025</strong> (inscription possible <em>à un tarif majoré</em> jusqu&rsquo;au vendredi 6 juin inclus)</li>
</ul>

<!-- This site is optimized with the Yoast SEO plugin v28.3 - https://yoast.com/product/yoast-seo-wordpress/ -->
<title>COMPAS 2025 - Conférence francophone sur l&#039;informatique en parallélisme, architecture et systèmes - NumPEx</title>
<meta name="robots" content="index, follow, max-snippet:-1, max-image-preview:large, max-video-preview:-1" />
<link rel="canonical" href="https://numpex.org/fr/event/compas-2025-conference-francophone-sur-linformatique-en-parallelisme-architecture-et-systemes/" />
<meta property="og:locale" content="fr_FR" />
<meta property="og:type" content="article" />
<meta property="og:title" content="COMPAS 2025 - Conférence francophone sur l&#039;informatique en parallélisme, architecture et systèmes - NumPEx" />
<meta property="og:description" content="Depuis de nombreuses années, Compas offre à la communauté francophone ou travaillant en France sur ces thématiques la possibilité d’échanger [&hellip;]" />
<meta property="og:url" content="https://numpex.org/fr/event/compas-2025-conference-francophone-sur-linformatique-en-parallelisme-architecture-et-systemes/" />
<meta property="og:site_name" content="NumPEx" />
<meta name="twitter:card" content="summary_large_image" />
<meta name="twitter:label1" content="Durée de lecture estimée" />
	<meta name="twitter:data1" content="1 minute" />
<script type="application/ld+json" class="yoast-schema-graph">{"@context":"https:\/\/schema.org","@graph":[{"@type":"WebPage","@id":"https:\/\/numpex.org\/fr\/event\/compas-2025-conference-francophone-sur-linformatique-en-parallelisme-architecture-et-systemes\/","url":"https:\/\/numpex.org\/fr\/event\/compas-2025-conference-francophone-sur-linformatique-en-parallelisme-architecture-et-systemes\/","name":"COMPAS 2025 - Conférence francophone sur l'informatique en parallélisme, architecture et systèmes - NumPEx","isPartOf":{"@id":"https:\/\/numpex.org\/fr\/#website"},"datePublished":"2025-05-23T09:48:50+00:00","breadcrumb":{"@id":"https:\/\/numpex.org\/fr\/event\/compas-2025-conference-francophone-sur-linformatique-en-parallelisme-architecture-et-systemes\/#breadcrumb"},"inLanguage":"fr-FR","potentialAction":[{"@type":"ReadAction","target":["https:\/\/numpex.org\/fr\/event\/compas-2025-conference-francophone-sur-linformatique-en-parallelisme-architecture-et-systemes\/"]}]},{"@type":"BreadcrumbList","@id":"https:\/\/numpex.org\/fr\/event\/compas-2025-conference-francophone-sur-linformatique-en-parallelisme-architecture-et-systemes\/#breadcrumb","itemListElement":[{"@type":"ListItem","position":1,"name":"Home","item":"https:\/\/numpex.org\/fr\/"},{"@type":"ListItem","position":2,"name":"COMPAS 2025 &#8211; Conférence francophone sur l&#8217;informatique en parallélisme, architecture et systèmes"}]},{"@type":"WebSite","@id":"https:\/\/numpex.org\/fr\/#website","url":"https:\/\/numpex.org\/fr\/","name":"NumPEx","description":"Digital for Exascale","potentialAction":[{"@type":"SearchAction","target":{"@type":"EntryPoint","urlTemplate":"https:\/\/numpex.org\/fr\/?s={search_term_string}"},"query-input":{"@type":"PropertyValueSpecification","valueRequired":true,"valueName":"search_term_string"}}],"inLanguage":"fr-FR"}]}</script>
<!-- / Yoast SEO plugin. -->

COMPAS 2025 - Conférence francophone sur l'informatique en parallélisme, architecture et systèmes - NumPEx

Depuis de nombreuses années, Compas offre à la communauté francophone ou travaillant en France sur ces thématiques la possibilité d’échanger [&hellip;]

COMPAS 2025 &#8211; Conférence francophone sur l&#8217;informatique en parallélisme, architecture et systèmes
