{"id":3877,"date":"2026-03-04T09:53:58","date_gmt":"2026-03-04T08:53:58","guid":{"rendered":"https:\/\/numpex.org\/event\/la-reunion-annuelle-2026-dexa-ma\/"},"modified":"2026-03-04T09:53:58","modified_gmt":"2026-03-04T08:53:58","slug":"la-reunion-annuelle-2026-dexa-ma","status":"publish","type":"npx_event","link":"https:\/\/numpex.org\/fr\/event\/la-reunion-annuelle-2026-dexa-ma\/","title":{"rendered":"La r\u00e9union annuelle 2026 d&rsquo;Exa-MA"},"content":{"rendered":"<div class=\"wpb_column pos-top pos-center align_left column_parent col-lg-12 boomapps_vccolumn single-internal-gutter\">\n<div class=\"uncol style-light\">\n<div class=\"uncoltable\">\n<div class=\"uncell boomapps_vccolumn no-block-padding\">\n<div class=\"uncont\">\n<div class=\"uncode_text_column\">\n<p><strong>L&rsquo;assembl\u00e9e g\u00e9n\u00e9rale annuelle 2026 <a href=\"https:\/\/numpex.org\/fr\/exa-ma-methodes-et-algorithmes-pour-exascale\/\" target=\"_blank\" rel=\"noopener\">d&rsquo;Exa-MA<\/a> se tiendra \u00e0 Arts et M\u00e9tiers ParisTech (Aix-en-Provence) du 19 au 21 janvier 2026, ce qui a permis de mettre en avant le r\u00f4le central du projet dans l&rsquo;initiative fran\u00e7aise NumPEx. Elle s\u2019est concentr\u00e9e sur la pr\u00e9paration de la pile logicielle destin\u00e9e au supercalculateur exascale \u00ab Alice Recoque \u00bb. <\/strong><\/p>\n<\/div>\n<\/div>\n<\/div>\n<\/div>\n<\/div>\n<\/div>\n","protected":false},"featured_media":1776,"template":"","npx_event_type":[127],"npx_event_project":[124],"class_list":["post-3877","npx_event","type-npx_event","status-publish","has-post-thumbnail","hentry","npx_event_type-assemblee-generale","npx_event_project-exa-ma"],"yoast_head":"<!-- This site is optimized with the Yoast SEO plugin v28.3 - https:\/\/yoast.com\/product\/yoast-seo-wordpress\/ -->\n<title>La r\u00e9union annuelle 2026 d&#039;Exa-MA - NumPEx<\/title>\n<meta name=\"robots\" content=\"index, follow, max-snippet:-1, max-image-preview:large, max-video-preview:-1\" \/>\n<link rel=\"canonical\" href=\"https:\/\/numpex.org\/fr\/event\/la-reunion-annuelle-2026-dexa-ma\/\" \/>\n<meta property=\"og:locale\" content=\"fr_FR\" \/>\n<meta property=\"og:type\" content=\"article\" \/>\n<meta property=\"og:title\" content=\"La r\u00e9union annuelle 2026 d&#039;Exa-MA - NumPEx\" \/>\n<meta property=\"og:description\" content=\"L&rsquo;assembl\u00e9e g\u00e9n\u00e9rale annuelle 2026 d&rsquo;Exa-MA se tiendra \u00e0 Arts et M\u00e9tiers ParisTech (Aix-en-Provence) du 19 au 21 janvier 2026, ce [&hellip;]\" \/>\n<meta property=\"og:url\" content=\"https:\/\/numpex.org\/fr\/event\/la-reunion-annuelle-2026-dexa-ma\/\" \/>\n<meta property=\"og:site_name\" content=\"NumPEx\" \/>\n<meta property=\"og:image\" content=\"https:\/\/numpex.org\/wp-content\/uploads\/sites\/6\/2024\/07\/FR2030-Digital-for-Exascale-colors.png\" \/>\n\t<meta property=\"og:image:width\" content=\"2356\" \/>\n\t<meta property=\"og:image:height\" content=\"1305\" \/>\n\t<meta property=\"og:image:type\" content=\"image\/png\" \/>\n<meta name=\"twitter:card\" content=\"summary_large_image\" \/>\n<script type=\"application\/ld+json\" class=\"yoast-schema-graph\">{\"@context\":\"https:\\\/\\\/schema.org\",\"@graph\":[{\"@type\":\"WebPage\",\"@id\":\"https:\\\/\\\/numpex.org\\\/fr\\\/event\\\/la-reunion-annuelle-2026-dexa-ma\\\/\",\"url\":\"https:\\\/\\\/numpex.org\\\/fr\\\/event\\\/la-reunion-annuelle-2026-dexa-ma\\\/\",\"name\":\"La r\u00e9union annuelle 2026 d'Exa-MA - NumPEx\",\"isPartOf\":{\"@id\":\"https:\\\/\\\/numpex.org\\\/fr\\\/#website\"},\"primaryImageOfPage\":{\"@id\":\"https:\\\/\\\/numpex.org\\\/fr\\\/event\\\/la-reunion-annuelle-2026-dexa-ma\\\/#primaryimage\"},\"image\":{\"@id\":\"https:\\\/\\\/numpex.org\\\/fr\\\/event\\\/la-reunion-annuelle-2026-dexa-ma\\\/#primaryimage\"},\"thumbnailUrl\":\"https:\\\/\\\/numpex.org\\\/wp-content\\\/uploads\\\/sites\\\/6\\\/2024\\\/07\\\/FR2030-Digital-for-Exascale-colors.png\",\"datePublished\":\"2026-03-04T08:53:58+00:00\",\"breadcrumb\":{\"@id\":\"https:\\\/\\\/numpex.org\\\/fr\\\/event\\\/la-reunion-annuelle-2026-dexa-ma\\\/#breadcrumb\"},\"inLanguage\":\"fr-FR\",\"potentialAction\":[{\"@type\":\"ReadAction\",\"target\":[\"https:\\\/\\\/numpex.org\\\/fr\\\/event\\\/la-reunion-annuelle-2026-dexa-ma\\\/\"]}]},{\"@type\":\"ImageObject\",\"inLanguage\":\"fr-FR\",\"@id\":\"https:\\\/\\\/numpex.org\\\/fr\\\/event\\\/la-reunion-annuelle-2026-dexa-ma\\\/#primaryimage\",\"url\":\"https:\\\/\\\/numpex.org\\\/wp-content\\\/uploads\\\/sites\\\/6\\\/2024\\\/07\\\/FR2030-Digital-for-Exascale-colors.png\",\"contentUrl\":\"https:\\\/\\\/numpex.org\\\/wp-content\\\/uploads\\\/sites\\\/6\\\/2024\\\/07\\\/FR2030-Digital-for-Exascale-colors.png\",\"width\":2356,\"height\":1305},{\"@type\":\"BreadcrumbList\",\"@id\":\"https:\\\/\\\/numpex.org\\\/fr\\\/event\\\/la-reunion-annuelle-2026-dexa-ma\\\/#breadcrumb\",\"itemListElement\":[{\"@type\":\"ListItem\",\"position\":1,\"name\":\"Home\",\"item\":\"https:\\\/\\\/numpex.org\\\/fr\\\/\"},{\"@type\":\"ListItem\",\"position\":2,\"name\":\"La r\u00e9union annuelle 2026 d&#8217;Exa-MA\"}]},{\"@type\":\"WebSite\",\"@id\":\"https:\\\/\\\/numpex.org\\\/fr\\\/#website\",\"url\":\"https:\\\/\\\/numpex.org\\\/fr\\\/\",\"name\":\"NumPEx\",\"description\":\"Digital for Exascale\",\"potentialAction\":[{\"@type\":\"SearchAction\",\"target\":{\"@type\":\"EntryPoint\",\"urlTemplate\":\"https:\\\/\\\/numpex.org\\\/fr\\\/?s={search_term_string}\"},\"query-input\":{\"@type\":\"PropertyValueSpecification\",\"valueRequired\":true,\"valueName\":\"search_term_string\"}}],\"inLanguage\":\"fr-FR\"}]}<\/script>\n<!-- \/ Yoast SEO plugin. -->","yoast_head_json":{"title":"La r\u00e9union annuelle 2026 d'Exa-MA - NumPEx","robots":{"index":"index","follow":"follow","max-snippet":"max-snippet:-1","max-image-preview":"max-image-preview:large","max-video-preview":"max-video-preview:-1"},"canonical":"https:\/\/numpex.org\/fr\/event\/la-reunion-annuelle-2026-dexa-ma\/","og_locale":"fr_FR","og_type":"article","og_title":"La r\u00e9union annuelle 2026 d'Exa-MA - NumPEx","og_description":"L&rsquo;assembl\u00e9e g\u00e9n\u00e9rale annuelle 2026 d&rsquo;Exa-MA se tiendra \u00e0 Arts et M\u00e9tiers ParisTech (Aix-en-Provence) du 19 au 21 janvier 2026, ce [&hellip;]","og_url":"https:\/\/numpex.org\/fr\/event\/la-reunion-annuelle-2026-dexa-ma\/","og_site_name":"NumPEx","og_image":[{"width":2356,"height":1305,"url":"https:\/\/numpex.org\/wp-content\/uploads\/sites\/6\/2024\/07\/FR2030-Digital-for-Exascale-colors.png","type":"image\/png"}],"twitter_card":"summary_large_image","schema":{"@context":"https:\/\/schema.org","@graph":[{"@type":"WebPage","@id":"https:\/\/numpex.org\/fr\/event\/la-reunion-annuelle-2026-dexa-ma\/","url":"https:\/\/numpex.org\/fr\/event\/la-reunion-annuelle-2026-dexa-ma\/","name":"La r\u00e9union annuelle 2026 d'Exa-MA - NumPEx","isPartOf":{"@id":"https:\/\/numpex.org\/fr\/#website"},"primaryImageOfPage":{"@id":"https:\/\/numpex.org\/fr\/event\/la-reunion-annuelle-2026-dexa-ma\/#primaryimage"},"image":{"@id":"https:\/\/numpex.org\/fr\/event\/la-reunion-annuelle-2026-dexa-ma\/#primaryimage"},"thumbnailUrl":"https:\/\/numpex.org\/wp-content\/uploads\/sites\/6\/2024\/07\/FR2030-Digital-for-Exascale-colors.png","datePublished":"2026-03-04T08:53:58+00:00","breadcrumb":{"@id":"https:\/\/numpex.org\/fr\/event\/la-reunion-annuelle-2026-dexa-ma\/#breadcrumb"},"inLanguage":"fr-FR","potentialAction":[{"@type":"ReadAction","target":["https:\/\/numpex.org\/fr\/event\/la-reunion-annuelle-2026-dexa-ma\/"]}]},{"@type":"ImageObject","inLanguage":"fr-FR","@id":"https:\/\/numpex.org\/fr\/event\/la-reunion-annuelle-2026-dexa-ma\/#primaryimage","url":"https:\/\/numpex.org\/wp-content\/uploads\/sites\/6\/2024\/07\/FR2030-Digital-for-Exascale-colors.png","contentUrl":"https:\/\/numpex.org\/wp-content\/uploads\/sites\/6\/2024\/07\/FR2030-Digital-for-Exascale-colors.png","width":2356,"height":1305},{"@type":"BreadcrumbList","@id":"https:\/\/numpex.org\/fr\/event\/la-reunion-annuelle-2026-dexa-ma\/#breadcrumb","itemListElement":[{"@type":"ListItem","position":1,"name":"Home","item":"https:\/\/numpex.org\/fr\/"},{"@type":"ListItem","position":2,"name":"La r\u00e9union annuelle 2026 d&#8217;Exa-MA"}]},{"@type":"WebSite","@id":"https:\/\/numpex.org\/fr\/#website","url":"https:\/\/numpex.org\/fr\/","name":"NumPEx","description":"Digital for Exascale","potentialAction":[{"@type":"SearchAction","target":{"@type":"EntryPoint","urlTemplate":"https:\/\/numpex.org\/fr\/?s={search_term_string}"},"query-input":{"@type":"PropertyValueSpecification","valueRequired":true,"valueName":"search_term_string"}}],"inLanguage":"fr-FR"}]}},"acf":[],"_links":{"self":[{"href":"https:\/\/numpex.org\/fr\/wp-json\/wp\/v2\/npx_event\/3877","targetHints":{"allow":["GET"]}}],"collection":[{"href":"https:\/\/numpex.org\/fr\/wp-json\/wp\/v2\/npx_event"}],"about":[{"href":"https:\/\/numpex.org\/fr\/wp-json\/wp\/v2\/types\/npx_event"}],"wp:featuredmedia":[{"embeddable":true,"href":"https:\/\/numpex.org\/fr\/wp-json\/wp\/v2\/media\/1776"}],"wp:attachment":[{"href":"https:\/\/numpex.org\/fr\/wp-json\/wp\/v2\/media?parent=3877"}],"wp:term":[{"taxonomy":"npx_event_type","embeddable":true,"href":"https:\/\/numpex.org\/fr\/wp-json\/wp\/v2\/npx_event_type?post=3877"},{"taxonomy":"npx_event_project","embeddable":true,"href":"https:\/\/numpex.org\/fr\/wp-json\/wp\/v2\/npx_event_project?post=3877"}],"curies":[{"name":"wp","href":"https:\/\/api.w.org\/{rel}","templated":true}]}}

La réunion annuelle 2026 d&rsquo;Exa-MA

<div class="wpb_column pos-top pos-center align_left column_parent col-lg-12 boomapps_vccolumn single-internal-gutter">
<div class="uncol style-light">
<div class="uncoltable">
<div class="uncell boomapps_vccolumn no-block-padding">
<div class="uncont">
<div class="uncode_text_column">
<p><strong>L&rsquo;assemblée générale annuelle 2026 <a href="https://numpex.org/fr/exa-ma-methodes-et-algorithmes-pour-exascale/" target="_blank" rel="noopener">d&rsquo;Exa-MA</a> se tiendra à Arts et Métiers ParisTech (Aix-en-Provence) du 19 au 21 janvier 2026, ce qui a permis de mettre en avant le rôle central du projet dans l&rsquo;initiative française NumPEx. Elle s’est concentrée sur la préparation de la pile logicielle destinée au supercalculateur exascale « Alice Recoque ». </strong></p>
</div>
</div>
</div>
</div>
</div>
</div>

<!-- This site is optimized with the Yoast SEO plugin v28.3 - https://yoast.com/product/yoast-seo-wordpress/ -->
<title>La réunion annuelle 2026 d&#039;Exa-MA - NumPEx</title>
<meta name="robots" content="index, follow, max-snippet:-1, max-image-preview:large, max-video-preview:-1" />
<link rel="canonical" href="https://numpex.org/fr/event/la-reunion-annuelle-2026-dexa-ma/" />
<meta property="og:locale" content="fr_FR" />
<meta property="og:type" content="article" />
<meta property="og:title" content="La réunion annuelle 2026 d&#039;Exa-MA - NumPEx" />
<meta property="og:description" content="L&rsquo;assemblée générale annuelle 2026 d&rsquo;Exa-MA se tiendra à Arts et Métiers ParisTech (Aix-en-Provence) du 19 au 21 janvier 2026, ce [&hellip;]" />
<meta property="og:url" content="https://numpex.org/fr/event/la-reunion-annuelle-2026-dexa-ma/" />
<meta property="og:site_name" content="NumPEx" />
<meta property="og:image" content="https://numpex.org/wp-content/uploads/sites/6/2024/07/FR2030-Digital-for-Exascale-colors.png" />
	<meta property="og:image:width" content="2356" />
	<meta property="og:image:height" content="1305" />
	<meta property="og:image:type" content="image/png" />
<meta name="twitter:card" content="summary_large_image" />
<script type="application/ld+json" class="yoast-schema-graph">{"@context":"https:\/\/schema.org","@graph":[{"@type":"WebPage","@id":"https:\/\/numpex.org\/fr\/event\/la-reunion-annuelle-2026-dexa-ma\/","url":"https:\/\/numpex.org\/fr\/event\/la-reunion-annuelle-2026-dexa-ma\/","name":"La réunion annuelle 2026 d'Exa-MA - NumPEx","isPartOf":{"@id":"https:\/\/numpex.org\/fr\/#website"},"primaryImageOfPage":{"@id":"https:\/\/numpex.org\/fr\/event\/la-reunion-annuelle-2026-dexa-ma\/#primaryimage"},"image":{"@id":"https:\/\/numpex.org\/fr\/event\/la-reunion-annuelle-2026-dexa-ma\/#primaryimage"},"thumbnailUrl":"https:\/\/numpex.org\/wp-content\/uploads\/sites\/6\/2024\/07\/FR2030-Digital-for-Exascale-colors.png","datePublished":"2026-03-04T08:53:58+00:00","breadcrumb":{"@id":"https:\/\/numpex.org\/fr\/event\/la-reunion-annuelle-2026-dexa-ma\/#breadcrumb"},"inLanguage":"fr-FR","potentialAction":[{"@type":"ReadAction","target":["https:\/\/numpex.org\/fr\/event\/la-reunion-annuelle-2026-dexa-ma\/"]}]},{"@type":"ImageObject","inLanguage":"fr-FR","@id":"https:\/\/numpex.org\/fr\/event\/la-reunion-annuelle-2026-dexa-ma\/#primaryimage","url":"https:\/\/numpex.org\/wp-content\/uploads\/sites\/6\/2024\/07\/FR2030-Digital-for-Exascale-colors.png","contentUrl":"https:\/\/numpex.org\/wp-content\/uploads\/sites\/6\/2024\/07\/FR2030-Digital-for-Exascale-colors.png","width":2356,"height":1305},{"@type":"BreadcrumbList","@id":"https:\/\/numpex.org\/fr\/event\/la-reunion-annuelle-2026-dexa-ma\/#breadcrumb","itemListElement":[{"@type":"ListItem","position":1,"name":"Home","item":"https:\/\/numpex.org\/fr\/"},{"@type":"ListItem","position":2,"name":"La réunion annuelle 2026 d&#8217;Exa-MA"}]},{"@type":"WebSite","@id":"https:\/\/numpex.org\/fr\/#website","url":"https:\/\/numpex.org\/fr\/","name":"NumPEx","description":"Digital for Exascale","potentialAction":[{"@type":"SearchAction","target":{"@type":"EntryPoint","urlTemplate":"https:\/\/numpex.org\/fr\/?s={search_term_string}"},"query-input":{"@type":"PropertyValueSpecification","valueRequired":true,"valueName":"search_term_string"}}],"inLanguage":"fr-FR"}]}</script>
<!-- / Yoast SEO plugin. -->

La réunion annuelle 2026 d'Exa-MA - NumPEx

L&rsquo;assemblée générale annuelle 2026 d&rsquo;Exa-MA se tiendra à Arts et Métiers ParisTech (Aix-en-Provence) du 19 au 21 janvier 2026, ce [&hellip;]

La réunion annuelle 2026 d&#8217;Exa-MA
