{"id":3702,"date":"2025-05-23T11:48:50","date_gmt":"2025-05-23T09:48:50","guid":{"rendered":"https:\/\/numpex.org\/event\/compas-2025-conference-francophone-dinformatique-en-parallelisme-architecture-et-systeme\/"},"modified":"2025-05-23T11:48:50","modified_gmt":"2025-05-23T09:48:50","slug":"compas-2025-conference-francophone-dinformatique-en-parallelisme-architecture-et-systeme","status":"publish","type":"npx_event","link":"https:\/\/numpex.org\/fr\/event\/compas-2025-conference-francophone-dinformatique-en-parallelisme-architecture-et-systeme\/","title":{"rendered":"Compas 2025 &#8211; Conf\u00e9rence francophone d&rsquo;informatique en Parall\u00e9lisme, Architecture et Syst\u00e8me"},"content":{"rendered":"<p>Depuis de nombreuses ann\u00e9es, <strong>Compas<\/strong> offre la possibilit\u00e9 \u00e0 la communaut\u00e9 francophone ou travaillant en France sur ces th\u00e9matiques d\u2019\u00e9changer autour d\u2019un programme riche et vari\u00e9. Compas a pour but premier de <strong>favoriser la rencontre de chercheurs confirm\u00e9s, de jeunes chercheurs et d\u2019industriels<\/strong>. Compas permet de <strong>renforcer les liens<\/strong> entre \u00e9quipes de recherche du monde francophone et favorise l\u2019<strong>\u00e9mergence de nouveaux sujets<\/strong> de recherche et collaborations, avec une emphase sur l\u2019<strong>int\u00e9gration des jeunes chercheurs<\/strong>.<\/p>\n<p>L\u2019\u00e9dition <strong>2025<\/strong> de <strong>Compas<\/strong> aura lieu du <strong>mardi 24 au vendredi 27 juin<\/strong> 2025 \u00e0 <strong>Bordeaux<\/strong> (<a href=\"https:\/\/2025.compas-conference.fr\/venue\">Campus Bastide de l\u2019Universit\u00e9 de Bordeaux<\/a>).<\/p>\n<p>La journ\u00e9e du <strong>mardi 24 juin<\/strong> sera d\u00e9di\u00e9e aux <a href=\"https:\/\/2025.compas-conference.fr\/workshops\">ateliers<\/a> et <a href=\"https:\/\/2025.compas-conference.fr\/tutoriaux\">tutoriels<\/a>.<\/p>\n<p>Les <a href=\"https:\/\/2025.compas-conference.fr\/programme\">pr\u00e9sentations scientifiques<\/a> se d\u00e9rouleront sur deux jours et demi, <strong>du mercredi 25 juin au vendredi 27 juin midi<\/strong>.<\/p>\n<p>La <strong>session poster<\/strong> aura lieu <strong>jeudi soir<\/strong>.<\/p>\n<h3 id=\"dates-importantes\">Dates importantes<\/h3>\n<ul>\n<li>Date limite de soumission d\u2019<a href=\"https:\/\/hal.science\/COMPAS2025\/\"><strong>articles<\/strong><\/a> et de <strong>r\u00e9sum\u00e9s<\/strong> : vendredi 14 mars 2025<\/li>\n<li>Date limite de soumission d\u2019<a href=\"https:\/\/2025.compas-conference.fr\/workshops\/\">ateliers<\/a> et de <a href=\"https:\/\/2025.compas-conference.fr\/tutoriaux\/\">tutoriels<\/a> : vendredi 14 mars 2025<\/li>\n<li>Notification : vendredi 18 avril 2025<\/li>\n<li>Ouverture des inscriptions : <strong>vendredi 25 avril 2025<\/strong><\/li>\n<li>Date limite d\u2019inscription : <strong>vendredi 23 mai 2025<\/strong> (inscription <em>major\u00e9e<\/em> possible jusqu\u2019au vendredi 6 juin inclus)<\/li>\n<\/ul>\n","protected":false},"featured_media":0,"template":"","npx_event_type":[],"npx_event_project":[115],"class_list":["post-3702","npx_event","type-npx_event","status-publish","hentry","npx_event_project-exa-soft"],"yoast_head":"<!-- This site is optimized with the Yoast SEO plugin v28.3 - https:\/\/yoast.com\/product\/yoast-seo-wordpress\/ -->\n<title>Compas 2025 - Conf\u00e9rence francophone d&#039;informatique en Parall\u00e9lisme, Architecture et Syst\u00e8me - NumPEx<\/title>\n<meta name=\"robots\" content=\"index, follow, max-snippet:-1, max-image-preview:large, max-video-preview:-1\" \/>\n<link rel=\"canonical\" href=\"https:\/\/numpex.org\/fr\/event\/compas-2025-conference-francophone-dinformatique-en-parallelisme-architecture-et-systeme\/\" \/>\n<meta property=\"og:locale\" content=\"fr_FR\" \/>\n<meta property=\"og:type\" content=\"article\" \/>\n<meta property=\"og:title\" content=\"Compas 2025 - Conf\u00e9rence francophone d&#039;informatique en Parall\u00e9lisme, Architecture et Syst\u00e8me - NumPEx\" \/>\n<meta property=\"og:description\" content=\"Depuis de nombreuses ann\u00e9es, Compas offre la possibilit\u00e9 \u00e0 la communaut\u00e9 francophone ou travaillant en France sur ces th\u00e9matiques d\u2019\u00e9changer [&hellip;]\" \/>\n<meta property=\"og:url\" content=\"https:\/\/numpex.org\/fr\/event\/compas-2025-conference-francophone-dinformatique-en-parallelisme-architecture-et-systeme\/\" \/>\n<meta property=\"og:site_name\" content=\"NumPEx\" \/>\n<meta name=\"twitter:card\" content=\"summary_large_image\" \/>\n<meta name=\"twitter:label1\" content=\"Dur\u00e9e de lecture estim\u00e9e\" \/>\n\t<meta name=\"twitter:data1\" content=\"1 minute\" \/>\n<script type=\"application\/ld+json\" class=\"yoast-schema-graph\">{\"@context\":\"https:\\\/\\\/schema.org\",\"@graph\":[{\"@type\":\"WebPage\",\"@id\":\"https:\\\/\\\/numpex.org\\\/fr\\\/event\\\/compas-2025-conference-francophone-dinformatique-en-parallelisme-architecture-et-systeme\\\/\",\"url\":\"https:\\\/\\\/numpex.org\\\/fr\\\/event\\\/compas-2025-conference-francophone-dinformatique-en-parallelisme-architecture-et-systeme\\\/\",\"name\":\"Compas 2025 - Conf\u00e9rence francophone d'informatique en Parall\u00e9lisme, Architecture et Syst\u00e8me - NumPEx\",\"isPartOf\":{\"@id\":\"https:\\\/\\\/numpex.org\\\/fr\\\/#website\"},\"datePublished\":\"2025-05-23T09:48:50+00:00\",\"breadcrumb\":{\"@id\":\"https:\\\/\\\/numpex.org\\\/fr\\\/event\\\/compas-2025-conference-francophone-dinformatique-en-parallelisme-architecture-et-systeme\\\/#breadcrumb\"},\"inLanguage\":\"fr-FR\",\"potentialAction\":[{\"@type\":\"ReadAction\",\"target\":[\"https:\\\/\\\/numpex.org\\\/fr\\\/event\\\/compas-2025-conference-francophone-dinformatique-en-parallelisme-architecture-et-systeme\\\/\"]}]},{\"@type\":\"BreadcrumbList\",\"@id\":\"https:\\\/\\\/numpex.org\\\/fr\\\/event\\\/compas-2025-conference-francophone-dinformatique-en-parallelisme-architecture-et-systeme\\\/#breadcrumb\",\"itemListElement\":[{\"@type\":\"ListItem\",\"position\":1,\"name\":\"Home\",\"item\":\"https:\\\/\\\/numpex.org\\\/fr\\\/\"},{\"@type\":\"ListItem\",\"position\":2,\"name\":\"Compas 2025 &#8211; Conf\u00e9rence francophone d&#8217;informatique en Parall\u00e9lisme, Architecture et Syst\u00e8me\"}]},{\"@type\":\"WebSite\",\"@id\":\"https:\\\/\\\/numpex.org\\\/fr\\\/#website\",\"url\":\"https:\\\/\\\/numpex.org\\\/fr\\\/\",\"name\":\"NumPEx\",\"description\":\"Digital for Exascale\",\"potentialAction\":[{\"@type\":\"SearchAction\",\"target\":{\"@type\":\"EntryPoint\",\"urlTemplate\":\"https:\\\/\\\/numpex.org\\\/fr\\\/?s={search_term_string}\"},\"query-input\":{\"@type\":\"PropertyValueSpecification\",\"valueRequired\":true,\"valueName\":\"search_term_string\"}}],\"inLanguage\":\"fr-FR\"}]}<\/script>\n<!-- \/ Yoast SEO plugin. -->","yoast_head_json":{"title":"Compas 2025 - Conf\u00e9rence francophone d'informatique en Parall\u00e9lisme, Architecture et Syst\u00e8me - NumPEx","robots":{"index":"index","follow":"follow","max-snippet":"max-snippet:-1","max-image-preview":"max-image-preview:large","max-video-preview":"max-video-preview:-1"},"canonical":"https:\/\/numpex.org\/fr\/event\/compas-2025-conference-francophone-dinformatique-en-parallelisme-architecture-et-systeme\/","og_locale":"fr_FR","og_type":"article","og_title":"Compas 2025 - Conf\u00e9rence francophone d'informatique en Parall\u00e9lisme, Architecture et Syst\u00e8me - NumPEx","og_description":"Depuis de nombreuses ann\u00e9es, Compas offre la possibilit\u00e9 \u00e0 la communaut\u00e9 francophone ou travaillant en France sur ces th\u00e9matiques d\u2019\u00e9changer [&hellip;]","og_url":"https:\/\/numpex.org\/fr\/event\/compas-2025-conference-francophone-dinformatique-en-parallelisme-architecture-et-systeme\/","og_site_name":"NumPEx","twitter_card":"summary_large_image","twitter_misc":{"Dur\u00e9e de lecture estim\u00e9e":"1 minute"},"schema":{"@context":"https:\/\/schema.org","@graph":[{"@type":"WebPage","@id":"https:\/\/numpex.org\/fr\/event\/compas-2025-conference-francophone-dinformatique-en-parallelisme-architecture-et-systeme\/","url":"https:\/\/numpex.org\/fr\/event\/compas-2025-conference-francophone-dinformatique-en-parallelisme-architecture-et-systeme\/","name":"Compas 2025 - Conf\u00e9rence francophone d'informatique en Parall\u00e9lisme, Architecture et Syst\u00e8me - NumPEx","isPartOf":{"@id":"https:\/\/numpex.org\/fr\/#website"},"datePublished":"2025-05-23T09:48:50+00:00","breadcrumb":{"@id":"https:\/\/numpex.org\/fr\/event\/compas-2025-conference-francophone-dinformatique-en-parallelisme-architecture-et-systeme\/#breadcrumb"},"inLanguage":"fr-FR","potentialAction":[{"@type":"ReadAction","target":["https:\/\/numpex.org\/fr\/event\/compas-2025-conference-francophone-dinformatique-en-parallelisme-architecture-et-systeme\/"]}]},{"@type":"BreadcrumbList","@id":"https:\/\/numpex.org\/fr\/event\/compas-2025-conference-francophone-dinformatique-en-parallelisme-architecture-et-systeme\/#breadcrumb","itemListElement":[{"@type":"ListItem","position":1,"name":"Home","item":"https:\/\/numpex.org\/fr\/"},{"@type":"ListItem","position":2,"name":"Compas 2025 &#8211; Conf\u00e9rence francophone d&#8217;informatique en Parall\u00e9lisme, Architecture et Syst\u00e8me"}]},{"@type":"WebSite","@id":"https:\/\/numpex.org\/fr\/#website","url":"https:\/\/numpex.org\/fr\/","name":"NumPEx","description":"Digital for Exascale","potentialAction":[{"@type":"SearchAction","target":{"@type":"EntryPoint","urlTemplate":"https:\/\/numpex.org\/fr\/?s={search_term_string}"},"query-input":{"@type":"PropertyValueSpecification","valueRequired":true,"valueName":"search_term_string"}}],"inLanguage":"fr-FR"}]}},"acf":[],"_links":{"self":[{"href":"https:\/\/numpex.org\/fr\/wp-json\/wp\/v2\/npx_event\/3702","targetHints":{"allow":["GET"]}}],"collection":[{"href":"https:\/\/numpex.org\/fr\/wp-json\/wp\/v2\/npx_event"}],"about":[{"href":"https:\/\/numpex.org\/fr\/wp-json\/wp\/v2\/types\/npx_event"}],"wp:attachment":[{"href":"https:\/\/numpex.org\/fr\/wp-json\/wp\/v2\/media?parent=3702"}],"wp:term":[{"taxonomy":"npx_event_type","embeddable":true,"href":"https:\/\/numpex.org\/fr\/wp-json\/wp\/v2\/npx_event_type?post=3702"},{"taxonomy":"npx_event_project","embeddable":true,"href":"https:\/\/numpex.org\/fr\/wp-json\/wp\/v2\/npx_event_project?post=3702"}],"curies":[{"name":"wp","href":"https:\/\/api.w.org\/{rel}","templated":true}]}}

Compas 2025 &#8211; Conférence francophone d&rsquo;informatique en Parallélisme, Architecture et Système

<p>Depuis de nombreuses années, <strong>Compas</strong> offre la possibilité à la communauté francophone ou travaillant en France sur ces thématiques d’échanger autour d’un programme riche et varié. Compas a pour but premier de <strong>favoriser la rencontre de chercheurs confirmés, de jeunes chercheurs et d’industriels</strong>. Compas permet de <strong>renforcer les liens</strong> entre équipes de recherche du monde francophone et favorise l’<strong>émergence de nouveaux sujets</strong> de recherche et collaborations, avec une emphase sur l’<strong>intégration des jeunes chercheurs</strong>.</p>
<p>L’édition <strong>2025</strong> de <strong>Compas</strong> aura lieu du <strong>mardi 24 au vendredi 27 juin</strong> 2025 à <strong>Bordeaux</strong> (<a href="https://2025.compas-conference.fr/venue">Campus Bastide de l’Université de Bordeaux</a>).</p>
<p>La journée du <strong>mardi 24 juin</strong> sera dédiée aux <a href="https://2025.compas-conference.fr/workshops">ateliers</a> et <a href="https://2025.compas-conference.fr/tutoriaux">tutoriels</a>.</p>
<p>Les <a href="https://2025.compas-conference.fr/programme">présentations scientifiques</a> se dérouleront sur deux jours et demi, <strong>du mercredi 25 juin au vendredi 27 juin midi</strong>.</p>
<p>La <strong>session poster</strong> aura lieu <strong>jeudi soir</strong>.</p>
<h3 id="dates-importantes">Dates importantes</h3>
<ul>
<li>Date limite de soumission d’<a href="https://hal.science/COMPAS2025/"><strong>articles</strong></a> et de <strong>résumés</strong> : vendredi 14 mars 2025</li>
<li>Date limite de soumission d’<a href="https://2025.compas-conference.fr/workshops/">ateliers</a> et de <a href="https://2025.compas-conference.fr/tutoriaux/">tutoriels</a> : vendredi 14 mars 2025</li>
<li>Notification : vendredi 18 avril 2025</li>
<li>Ouverture des inscriptions : <strong>vendredi 25 avril 2025</strong></li>
<li>Date limite d’inscription : <strong>vendredi 23 mai 2025</strong> (inscription <em>majorée</em> possible jusqu’au vendredi 6 juin inclus)</li>
</ul>

<!-- This site is optimized with the Yoast SEO plugin v28.3 - https://yoast.com/product/yoast-seo-wordpress/ -->
<title>Compas 2025 - Conférence francophone d&#039;informatique en Parallélisme, Architecture et Système - NumPEx</title>
<meta name="robots" content="index, follow, max-snippet:-1, max-image-preview:large, max-video-preview:-1" />
<link rel="canonical" href="https://numpex.org/fr/event/compas-2025-conference-francophone-dinformatique-en-parallelisme-architecture-et-systeme/" />
<meta property="og:locale" content="fr_FR" />
<meta property="og:type" content="article" />
<meta property="og:title" content="Compas 2025 - Conférence francophone d&#039;informatique en Parallélisme, Architecture et Système - NumPEx" />
<meta property="og:description" content="Depuis de nombreuses années, Compas offre la possibilité à la communauté francophone ou travaillant en France sur ces thématiques d’échanger [&hellip;]" />
<meta property="og:url" content="https://numpex.org/fr/event/compas-2025-conference-francophone-dinformatique-en-parallelisme-architecture-et-systeme/" />
<meta property="og:site_name" content="NumPEx" />
<meta name="twitter:card" content="summary_large_image" />
<meta name="twitter:label1" content="Durée de lecture estimée" />
	<meta name="twitter:data1" content="1 minute" />
<script type="application/ld+json" class="yoast-schema-graph">{"@context":"https:\/\/schema.org","@graph":[{"@type":"WebPage","@id":"https:\/\/numpex.org\/fr\/event\/compas-2025-conference-francophone-dinformatique-en-parallelisme-architecture-et-systeme\/","url":"https:\/\/numpex.org\/fr\/event\/compas-2025-conference-francophone-dinformatique-en-parallelisme-architecture-et-systeme\/","name":"Compas 2025 - Conférence francophone d'informatique en Parallélisme, Architecture et Système - NumPEx","isPartOf":{"@id":"https:\/\/numpex.org\/fr\/#website"},"datePublished":"2025-05-23T09:48:50+00:00","breadcrumb":{"@id":"https:\/\/numpex.org\/fr\/event\/compas-2025-conference-francophone-dinformatique-en-parallelisme-architecture-et-systeme\/#breadcrumb"},"inLanguage":"fr-FR","potentialAction":[{"@type":"ReadAction","target":["https:\/\/numpex.org\/fr\/event\/compas-2025-conference-francophone-dinformatique-en-parallelisme-architecture-et-systeme\/"]}]},{"@type":"BreadcrumbList","@id":"https:\/\/numpex.org\/fr\/event\/compas-2025-conference-francophone-dinformatique-en-parallelisme-architecture-et-systeme\/#breadcrumb","itemListElement":[{"@type":"ListItem","position":1,"name":"Home","item":"https:\/\/numpex.org\/fr\/"},{"@type":"ListItem","position":2,"name":"Compas 2025 &#8211; Conférence francophone d&#8217;informatique en Parallélisme, Architecture et Système"}]},{"@type":"WebSite","@id":"https:\/\/numpex.org\/fr\/#website","url":"https:\/\/numpex.org\/fr\/","name":"NumPEx","description":"Digital for Exascale","potentialAction":[{"@type":"SearchAction","target":{"@type":"EntryPoint","urlTemplate":"https:\/\/numpex.org\/fr\/?s={search_term_string}"},"query-input":{"@type":"PropertyValueSpecification","valueRequired":true,"valueName":"search_term_string"}}],"inLanguage":"fr-FR"}]}</script>
<!-- / Yoast SEO plugin. -->

Compas 2025 - Conférence francophone d'informatique en Parallélisme, Architecture et Système - NumPEx

Depuis de nombreuses années, Compas offre la possibilité à la communauté francophone ou travaillant en France sur ces thématiques d’échanger [&hellip;]

Compas 2025 &#8211; Conférence francophone d&#8217;informatique en Parallélisme, Architecture et Système
